{"id":83,"date":"2022-11-30T12:24:42","date_gmt":"2022-11-30T12:24:42","guid":{"rendered":"https:\/\/kentatheme.com\/aurora\/?page_id=38"},"modified":"2026-04-10T13:19:48","modified_gmt":"2026-04-10T11:19:48","slug":"home","status":"publish","type":"page","link":"https:\/\/psychotherapie-langenhagen.de\/","title":{"rendered":"Psychotherapie Langenhagen"},"content":{"rendered":"\t\t<div data-elementor-type=\"wp-page\" data-elementor-id=\"83\" class=\"elementor elementor-83\" data-elementor-post-type=\"page\">\n\t\t\t\t<div class=\"elementor-element elementor-element-4ecb7b1 e-con-full e-flex e-con e-parent\" data-id=\"4ecb7b1\" data-element_type=\"container\" data-e-type=\"container\" data-settings=\"{&quot;background_background&quot;:&quot;classic&quot;}\">\n\t\t<div class=\"elementor-element elementor-element-d195d77 e-flex e-con-boxed e-con e-child\" data-id=\"d195d77\" data-element_type=\"container\" data-e-type=\"container\" data-settings=\"{&quot;background_background&quot;:&quot;gradient&quot;}\">\n\t\t\t\t\t<div class=\"e-con-inner\">\n\t\t\t\t<div class=\"elementor-element elementor-element-e94199b elementor-widget elementor-widget-heading\" data-id=\"e94199b\" data-element_type=\"widget\" data-e-type=\"widget\" data-widget_type=\"heading.default\">\n\t\t\t\t\t<h1 class=\"elementor-heading-title elementor-size-default\">Willkommen in unserer Praxisgemeinschaft f\u00fcr Verhaltenstherapie<\/h1>\t\t\t\t<\/div>\n\t\t\t\t<div class=\"elementor-element elementor-element-49a7d55 elementor-widget elementor-widget-text-editor\" data-id=\"49a7d55\" data-element_type=\"widget\" data-e-type=\"widget\" data-widget_type=\"text-editor.default\">\n\t\t\t\t\t\t\t\t\t<p class=\"wp-block-kenta-blocks-paragraph kb-paragraph kb-paragraph-c4d8fce3 kenta-scroll-reveal\">Sch\u00f6n, dass Sie den Weg zu uns gefunden haben! Wir bieten Ihnen einen gesch\u00fctzten Raum, in dem Sie Ihre Anliegen, Herausforderungen und W\u00fcnsche offen ansprechen k\u00f6nnen.<\/p>\t\t\t\t\t\t\t\t<\/div>\n\t\t<div class=\"elementor-element elementor-element-a8d55ca e-con-full e-flex e-con e-child\" data-id=\"a8d55ca\" data-element_type=\"container\" data-e-type=\"container\">\n\t\t\t\t<div class=\"elementor-element elementor-element-35e7f02 elementor-widget elementor-widget-button\" data-id=\"35e7f02\" data-element_type=\"widget\" data-e-type=\"widget\" data-widget_type=\"button.default\">\n\t\t\t\t\t\t\t\t\t\t<a class=\"elementor-button elementor-button-link elementor-size-sm\" href=\"https:\/\/psychotherapie-langenhagen.de\/?page_id=95\">\n\t\t\t\t\t\t<span class=\"elementor-button-content-wrapper\">\n\t\t\t\t\t\t<span class=\"elementor-button-icon\">\n\t\t\t\t<svg aria-hidden=\"true\" class=\"e-font-icon-svg e-far-comments\" viewBox=\"0 0 576 512\" xmlns=\"http:\/\/www.w3.org\/2000\/svg\"><path d=\"M532 386.2c27.5-27.1 44-61.1 44-98.2 0-80-76.5-146.1-176.2-157.9C368.3 72.5 294.3 32 208 32 93.1 32 0 103.6 0 192c0 37 16.5 71 44 98.2-15.3 30.7-37.3 54.5-37.7 54.9-6.3 6.7-8.1 16.5-4.4 25 3.6 8.5 12 14 21.2 14 53.5 0 96.7-20.2 125.2-38.8 9.2 2.1 18.7 3.7 28.4 4.9C208.1 407.6 281.8 448 368 448c20.8 0 40.8-2.4 59.8-6.8C456.3 459.7 499.4 480 553 480c9.2 0 17.5-5.5 21.2-14 3.6-8.5 1.9-18.3-4.4-25-.4-.3-22.5-24.1-37.8-54.8zm-392.8-92.3L122.1 305c-14.1 9.1-28.5 16.3-43.1 21.4 2.7-4.7 5.4-9.7 8-14.8l15.5-31.1L77.7 256C64.2 242.6 48 220.7 48 192c0-60.7 73.3-112 160-112s160 51.3 160 112-73.3 112-160 112c-16.5 0-33-1.9-49-5.6l-19.8-4.5zM498.3 352l-24.7 24.4 15.5 31.1c2.6 5.1 5.3 10.1 8 14.8-14.6-5.1-29-12.3-43.1-21.4l-17.1-11.1-19.9 4.6c-16 3.7-32.5 5.6-49 5.6-54 0-102.2-20.1-131.3-49.7C338 339.5 416 272.9 416 192c0-3.4-.4-6.7-.7-10C479.7 196.5 528 238.8 528 288c0 28.7-16.2 50.6-29.7 64z\"><\/path><\/svg>\t\t\t<\/span>\n\t\t\t\t\t\t\t\t\t<span class=\"elementor-button-text\">Erstgespr\u00e4ch vereinbaren<\/span>\n\t\t\t\t\t<\/span>\n\t\t\t\t\t<\/a>\n\t\t\t\t\t\t\t\t<\/div>\n\t\t\t\t<\/div>\n\t\t\t\t\t<\/div>\n\t\t\t\t<\/div>\n\t\t\t\t<\/div>\n\t\t<div class=\"elementor-element elementor-element-0d04455 e-flex e-con-boxed e-con e-parent\" data-id=\"0d04455\" data-element_type=\"container\" data-e-type=\"container\">\n\t\t\t\t\t<div class=\"e-con-inner\">\n\t\t\t\t<div class=\"elementor-element elementor-element-c34d8d6 elementor-vertical-align-top elementor-widget elementor-widget-image-box\" data-id=\"c34d8d6\" data-element_type=\"widget\" data-e-type=\"widget\" data-widget_type=\"image-box.default\">\n\t\t\t\t\t<div class=\"elementor-image-box-wrapper\"><div class=\"elementor-image-box-content\"><h3 class=\"elementor-image-box-title\">Mit Empathie und Expertise: <br>Gemeinsam L\u00f6sungen finden<\/h3><p class=\"elementor-image-box-description\">Unser Ziel ist es, Sie auf Ihrem pers\u00f6nlichen Weg zu unterst\u00fctzen \u2013 mit Empathie, fachlicher Kompetenz und modernen therapeutischen Ans\u00e4tzen auf Basis aktueller wissenschaftlicher Evidenz. Gemeinsam m\u00f6chten wir L\u00f6sungen entwickeln, die Ihnen helfen, sich gest\u00e4rkt und selbstbewusst den Anforderungen des Lebens zu stellen.<\/p><\/div><\/div>\t\t\t\t<\/div>\n\t\t\t\t\t<\/div>\n\t\t\t\t<\/div>\n\t\t<div class=\"elementor-element elementor-element-e0019b6 e-flex e-con-boxed e-con e-parent\" data-id=\"e0019b6\" data-element_type=\"container\" data-e-type=\"container\">\n\t\t\t\t\t<div class=\"e-con-inner\">\n\t\t\t\t<div class=\"elementor-element elementor-element-803f87a elementor-vertical-align-top elementor-widget elementor-widget-image-box\" data-id=\"803f87a\" data-element_type=\"widget\" data-e-type=\"widget\" data-widget_type=\"image-box.default\">\n\t\t\t\t\t<div class=\"elementor-image-box-wrapper\"><div class=\"elementor-image-box-content\"><h3 class=\"elementor-image-box-title\">Gemeinsam f\u00fcr Ihr Wohlbefinden:<br>Wir sind f\u00fcr Sie da<\/h3><p class=\"elementor-image-box-description\">Ob Sie sich gerade in einer schwierigen Lebenssituation befinden, belastende Gedanken oder Gef\u00fchle versp\u00fcren oder Fragen zu Ihrer psychischen Gesundheit besprechen m\u00f6chten \u2013 bei uns sind Sie in guten H\u00e4nden.<br>\nZ\u00f6gern Sie nicht, Kontakt mit uns aufzunehmen. Wir freuen uns darauf, Sie kennenzulernen und gemeinsam an Ihren Zielen zu arbeiten!<\/p><\/div><\/div>\t\t\t\t<\/div>\n\t\t\t\t\t<\/div>\n\t\t\t\t<\/div>\n\t\t<div class=\"elementor-element elementor-element-e08dcd0 e-grid e-con-boxed e-con e-parent\" data-id=\"e08dcd0\" data-element_type=\"container\" data-e-type=\"container\">\n\t\t\t\t\t<div class=\"e-con-inner\">\n\t\t<div class=\"elementor-element elementor-element-804a79b e-con-full e-flex e-con e-child\" data-id=\"804a79b\" data-element_type=\"container\" data-e-type=\"container\">\n\t\t\t\t<div class=\"elementor-element elementor-element-ee3e756 elementor-widget elementor-widget-text-editor\" data-id=\"ee3e756\" data-element_type=\"widget\" data-e-type=\"widget\" data-widget_type=\"text-editor.default\">\n\t\t\t\t\t\t\t\t\t<p><b>Marian Luckhof, M. Sc.<\/b><\/p><p>Psychologischer Psychotherapeut<\/p>\t\t\t\t\t\t\t\t<\/div>\n\t\t\t\t<\/div>\n\t\t<div class=\"elementor-element elementor-element-abdaa98 e-con-full e-flex e-con e-child\" data-id=\"abdaa98\" data-element_type=\"container\" data-e-type=\"container\">\n\t\t\t\t<div class=\"elementor-element elementor-element-ab9759e elementor-widget elementor-widget-text-editor\" data-id=\"ab9759e\" data-element_type=\"widget\" data-e-type=\"widget\" data-widget_type=\"text-editor.default\">\n\t\t\t\t\t\t\t\t\t<p><b>Dr. Isabell Tapia Le\u00f3n, M. Sc.<\/b><\/p><p>Psychologische Psychotherapeut*in<\/p><p><b>Dr. Onno Tapia Le\u00f3n, M. Sc.<\/b><\/p><p>Psychologischer Psychotherapeut<\/p><p>Berufsaus\u00fcbungsgemeinschaft (BAG)<\/p>\t\t\t\t\t\t\t\t<\/div>\n\t\t\t\t<\/div>\n\t\t\t\t\t<\/div>\n\t\t\t\t<\/div>\n\t\t\t\t<\/div>\n\t\t","protected":false},"excerpt":{"rendered":"<p>Willkommen in unserer Praxisgemeinschaft f\u00fcr Verhaltenstherapie Sch\u00f6n, dass Sie den Weg zu uns gefunden haben! Wir bieten Ihnen einen gesch\u00fctzten Raum, in dem Sie Ihre Anliegen, Herausforderungen und W\u00fcnsche offen ansprechen k\u00f6nnen. Erstgespr\u00e4ch vereinbaren Mit Empathie und Expertise: Gemeinsam L\u00f6sungen finden Unser Ziel ist es, Sie auf Ihrem pers\u00f6nlichen Weg zu unterst\u00fctzen \u2013 mit Empathie, [&hellip;]<\/p>\n","protected":false},"author":1,"featured_media":0,"parent":0,"menu_order":0,"comment_status":"closed","ping_status":"closed","template":"elementor_header_footer","meta":{"footnotes":""},"class_list":["post-83","page","type-page","status-publish","hentry"],"_links":{"self":[{"href":"https:\/\/psychotherapie-langenhagen.de\/index.php?rest_route=\/wp\/v2\/pages\/83","targetHints":{"allow":["GET"]}}],"collection":[{"href":"https:\/\/psychotherapie-langenhagen.de\/index.php?rest_route=\/wp\/v2\/pages"}],"about":[{"href":"https:\/\/psychotherapie-langenhagen.de\/index.php?rest_route=\/wp\/v2\/types\/page"}],"author":[{"embeddable":true,"href":"https:\/\/psychotherapie-langenhagen.de\/index.php?rest_route=\/wp\/v2\/users\/1"}],"replies":[{"embeddable":true,"href":"https:\/\/psychotherapie-langenhagen.de\/index.php?rest_route=%2Fwp%2Fv2%2Fcomments&post=83"}],"version-history":[{"count":54,"href":"https:\/\/psychotherapie-langenhagen.de\/index.php?rest_route=\/wp\/v2\/pages\/83\/revisions"}],"predecessor-version":[{"id":617,"href":"https:\/\/psychotherapie-langenhagen.de\/index.php?rest_route=\/wp\/v2\/pages\/83\/revisions\/617"}],"wp:attachment":[{"href":"https:\/\/psychotherapie-langenhagen.de\/index.php?rest_route=%2Fwp%2Fv2%2Fmedia&parent=83"}],"curies":[{"name":"wp","href":"https:\/\/api.w.org\/{rel}","templated":true}]}}