{"id":16,"date":"2025-01-10T19:59:31","date_gmt":"2025-01-10T18:59:31","guid":{"rendered":"https:\/\/psychotherapie-langenhagen.de\/?page_id=16"},"modified":"2026-04-10T13:49:13","modified_gmt":"2026-04-10T11:49:13","slug":"ueber","status":"publish","type":"page","link":"https:\/\/psychotherapie-langenhagen.de\/?page_id=16","title":{"rendered":"Ihr Weg zu uns"},"content":{"rendered":"\t\t<div data-elementor-type=\"wp-page\" data-elementor-id=\"16\" class=\"elementor elementor-16\" data-elementor-post-type=\"page\">\n\t\t\t\t<div class=\"elementor-element elementor-element-3242f284 e-con-full e-flex e-con e-parent\" data-id=\"3242f284\" data-element_type=\"container\" data-e-type=\"container\" data-settings=\"{&quot;background_background&quot;:&quot;classic&quot;}\">\n\t\t<div class=\"elementor-element elementor-element-1b1e3abb e-flex e-con-boxed e-con e-child\" data-id=\"1b1e3abb\" data-element_type=\"container\" data-e-type=\"container\" data-settings=\"{&quot;background_background&quot;:&quot;gradient&quot;}\">\n\t\t\t\t\t<div class=\"e-con-inner\">\n\t\t\t\t<div class=\"elementor-element elementor-element-6b1c7266 elementor-widget elementor-widget-heading\" data-id=\"6b1c7266\" data-element_type=\"widget\" data-e-type=\"widget\" data-widget_type=\"heading.default\">\n\t\t\t\t\t<h1 class=\"elementor-heading-title elementor-size-default\">Ihr Weg zu uns<\/h1>\t\t\t\t<\/div>\n\t\t\t\t<div class=\"elementor-element elementor-element-30ea9e07 elementor-widget elementor-widget-text-editor\" data-id=\"30ea9e07\" data-element_type=\"widget\" data-e-type=\"widget\" data-widget_type=\"text-editor.default\">\n\t\t\t\t\t\t\t\t\t<p>Erfahren Sie in dieser \u00dcbersicht, wie Sie Schritt f\u00fcr Schritt den Weg zur Psychotherapie finden \u2013 von der ersten Kontaktaufnahme bis zur passenden Unterst\u00fctzung. Wir erkl\u00e4ren Ihnen verst\u00e4ndlich den Ablauf, um Ihnen den Einstieg in eine Therapie zu erleichtern.<\/p>\t\t\t\t\t\t\t\t<\/div>\n\t\t<div class=\"elementor-element elementor-element-f256ca8 e-con-full e-flex e-con e-child\" data-id=\"f256ca8\" data-element_type=\"container\" data-e-type=\"container\">\n\t\t\t\t<div class=\"elementor-element elementor-element-ad4147c elementor-widget elementor-widget-button\" data-id=\"ad4147c\" data-element_type=\"widget\" data-e-type=\"widget\" data-widget_type=\"button.default\">\n\t\t\t\t\t\t\t\t\t\t<a class=\"elementor-button elementor-button-link elementor-size-sm\" href=\"https:\/\/psychotherapie-langenhagen.de\/?page_id=95\">\n\t\t\t\t\t\t<span class=\"elementor-button-content-wrapper\">\n\t\t\t\t\t\t<span class=\"elementor-button-icon\">\n\t\t\t\t<svg aria-hidden=\"true\" class=\"e-font-icon-svg e-far-comments\" viewBox=\"0 0 576 512\" xmlns=\"http:\/\/www.w3.org\/2000\/svg\"><path d=\"M532 386.2c27.5-27.1 44-61.1 44-98.2 0-80-76.5-146.1-176.2-157.9C368.3 72.5 294.3 32 208 32 93.1 32 0 103.6 0 192c0 37 16.5 71 44 98.2-15.3 30.7-37.3 54.5-37.7 54.9-6.3 6.7-8.1 16.5-4.4 25 3.6 8.5 12 14 21.2 14 53.5 0 96.7-20.2 125.2-38.8 9.2 2.1 18.7 3.7 28.4 4.9C208.1 407.6 281.8 448 368 448c20.8 0 40.8-2.4 59.8-6.8C456.3 459.7 499.4 480 553 480c9.2 0 17.5-5.5 21.2-14 3.6-8.5 1.9-18.3-4.4-25-.4-.3-22.5-24.1-37.8-54.8zm-392.8-92.3L122.1 305c-14.1 9.1-28.5 16.3-43.1 21.4 2.7-4.7 5.4-9.7 8-14.8l15.5-31.1L77.7 256C64.2 242.6 48 220.7 48 192c0-60.7 73.3-112 160-112s160 51.3 160 112-73.3 112-160 112c-16.5 0-33-1.9-49-5.6l-19.8-4.5zM498.3 352l-24.7 24.4 15.5 31.1c2.6 5.1 5.3 10.1 8 14.8-14.6-5.1-29-12.3-43.1-21.4l-17.1-11.1-19.9 4.6c-16 3.7-32.5 5.6-49 5.6-54 0-102.2-20.1-131.3-49.7C338 339.5 416 272.9 416 192c0-3.4-.4-6.7-.7-10C479.7 196.5 528 238.8 528 288c0 28.7-16.2 50.6-29.7 64z\"><\/path><\/svg>\t\t\t<\/span>\n\t\t\t\t\t\t\t\t\t<span class=\"elementor-button-text\">Erstgespr\u00e4ch vereinbaren<\/span>\n\t\t\t\t\t<\/span>\n\t\t\t\t\t<\/a>\n\t\t\t\t\t\t\t\t<\/div>\n\t\t\t\t<\/div>\n\t\t\t\t\t<\/div>\n\t\t\t\t<\/div>\n\t\t\t\t<\/div>\n\t\t<div class=\"elementor-element elementor-element-2028cc3e e-flex e-con-boxed e-con e-parent\" data-id=\"2028cc3e\" data-element_type=\"container\" data-e-type=\"container\">\n\t\t\t\t\t<div class=\"e-con-inner\">\n\t\t\t\t<div class=\"elementor-element elementor-element-5c303e74 elementor-vertical-align-top elementor-widget elementor-widget-image-box\" data-id=\"5c303e74\" data-element_type=\"widget\" data-e-type=\"widget\" data-widget_type=\"image-box.default\">\n\t\t\t\t\t<div class=\"elementor-image-box-wrapper\"><div class=\"elementor-image-box-content\"><h2 class=\"elementor-image-box-title\"><a href=\"https:\/\/psychotherapie-langenhagen.de\/?page_id=95\">Anmeldung<\/a><\/h2><p class=\"elementor-image-box-description\">Der einfachste und direkteste Weg zu uns erfolgt \u00fcber unser Kontaktformular. M\u00f6chten Sie lieber telefonisch mit uns Kontakt aufnehmen, beachten Sie unsere telefonischen Sprechzeiten:<br><br>\nTel: 0511 12950562<br>\nDi: 11:15 - 12:15 &amp; 13:50 -15:00<br>\nMi: 13:30 - 14:40<br><\/p><\/div><\/div>\t\t\t\t<\/div>\n\t\t\t\t<div class=\"elementor-element elementor-element-56f785f elementor-vertical-align-top elementor-widget elementor-widget-image-box\" data-id=\"56f785f\" data-element_type=\"widget\" data-e-type=\"widget\" data-widget_type=\"image-box.default\">\n\t\t\t\t\t<div class=\"elementor-image-box-wrapper\"><div class=\"elementor-image-box-content\"><h2 class=\"elementor-image-box-title\"><a href=\"https:\/\/psychotherapie-langenhagen.de\/?page_id=95\">Sprechstunde<\/a><\/h2><p class=\"elementor-image-box-description\">Wir halten jede Woche Termine f\u00fcr Erstgespr\u00e4che in unserer Sprechstunde frei. Auch wenn gerade kein Therapieplatz frei ist, k\u00f6nnen Sie hier eine diagnostische Ersteinsch\u00e4tzung erhalten. Au\u00dferdem beraten wir Sie, welche Therapie f\u00fcr Sie geeignet w\u00e4re und besprechen erste Schritte, die Sie w\u00e4hrend der Wartezeit auf einen Therapieplatz gehen k\u00f6nnen.<\/p><\/div><\/div>\t\t\t\t<\/div>\n\t\t\t\t<div class=\"elementor-element elementor-element-0a9671f elementor-vertical-align-top elementor-widget elementor-widget-image-box\" data-id=\"0a9671f\" data-element_type=\"widget\" data-e-type=\"widget\" data-widget_type=\"image-box.default\">\n\t\t\t\t\t<div class=\"elementor-image-box-wrapper\"><div class=\"elementor-image-box-content\"><h2 class=\"elementor-image-box-title\"><a href=\"https:\/\/psychotherapie-langenhagen.de\/?page_id=95\">Probatorische Sitzungen<\/a><\/h2><p class=\"elementor-image-box-description\">Wenn wir Ihnen ein Therapieangebot machen k\u00f6nnen, folgen auf die Sprechstunde sogenannte probatorische Sitzungen. Hier geht es um ein erstes Kennenlernen, eine umfassende Anamnese, ausf\u00fchrliche Diagnostik, Aufkl\u00e4rung \u00fcber Ablauf und Inhalte der Therapie sowie die Formulierung Ihrer Therapieziele. Wenn Sie eine Therapie bei uns aufnehmen m\u00f6chten, ist in der Regel ein Antrag bei Ihrem Kostentr\u00e4ger notwendig.<\/p><\/div><\/div>\t\t\t\t<\/div>\n\t\t\t\t<div class=\"elementor-element elementor-element-a1fa58e elementor-vertical-align-top elementor-widget elementor-widget-image-box\" data-id=\"a1fa58e\" data-element_type=\"widget\" data-e-type=\"widget\" data-widget_type=\"image-box.default\">\n\t\t\t\t\t<div class=\"elementor-image-box-wrapper\"><div class=\"elementor-image-box-content\"><h2 class=\"elementor-image-box-title\"><a href=\"https:\/\/psychotherapie-langenhagen.de\/?page_id=95\">Therapeutische Arbeit<\/a><\/h2><p class=\"elementor-image-box-description\">Wir bieten verhaltenstherapeutische Einzeltherapien, Gruppentherapien sowie Kombinationsbehandlungen an. Die Behandlungsdauer umfasst im Fall einer bewilligten Therapie mindestens 12 Behandlungseinheiten \u00e0 50 Minuten und richtet sich nach Ihrem individuellen Behandlungsplan.<\/p><\/div><\/div>\t\t\t\t<\/div>\n\t\t\t\t\t<\/div>\n\t\t\t\t<\/div>\n\t\t\t\t<\/div>\n\t\t","protected":false},"excerpt":{"rendered":"<p>Ihr Weg zu uns Erfahren Sie in dieser \u00dcbersicht, wie Sie Schritt f\u00fcr Schritt den Weg zur Psychotherapie finden \u2013 von der ersten Kontaktaufnahme bis zur passenden Unterst\u00fctzung. Wir erkl\u00e4ren Ihnen verst\u00e4ndlich den Ablauf, um Ihnen den Einstieg in eine Therapie zu erleichtern. Erstgespr\u00e4ch vereinbaren Anmeldung Der einfachste und direkteste Weg zu uns erfolgt \u00fcber [&hellip;]<\/p>\n","protected":false},"author":1,"featured_media":0,"parent":0,"menu_order":0,"comment_status":"closed","ping_status":"closed","template":"","meta":{"footnotes":""},"class_list":["post-16","page","type-page","status-publish","hentry"],"_links":{"self":[{"href":"https:\/\/psychotherapie-langenhagen.de\/index.php?rest_route=\/wp\/v2\/pages\/16","targetHints":{"allow":["GET"]}}],"collection":[{"href":"https:\/\/psychotherapie-langenhagen.de\/index.php?rest_route=\/wp\/v2\/pages"}],"about":[{"href":"https:\/\/psychotherapie-langenhagen.de\/index.php?rest_route=\/wp\/v2\/types\/page"}],"author":[{"embeddable":true,"href":"https:\/\/psychotherapie-langenhagen.de\/index.php?rest_route=\/wp\/v2\/users\/1"}],"replies":[{"embeddable":true,"href":"https:\/\/psychotherapie-langenhagen.de\/index.php?rest_route=%2Fwp%2Fv2%2Fcomments&post=16"}],"version-history":[{"count":60,"href":"https:\/\/psychotherapie-langenhagen.de\/index.php?rest_route=\/wp\/v2\/pages\/16\/revisions"}],"predecessor-version":[{"id":635,"href":"https:\/\/psychotherapie-langenhagen.de\/index.php?rest_route=\/wp\/v2\/pages\/16\/revisions\/635"}],"wp:attachment":[{"href":"https:\/\/psychotherapie-langenhagen.de\/index.php?rest_route=%2Fwp%2Fv2%2Fmedia&parent=16"}],"curies":[{"name":"wp","href":"https:\/\/api.w.org\/{rel}","templated":true}]}}